 digit of 156668?
1
What is the thousands digit of 8165687?
5
What is the thousands digit of 2686112?
6
What is the tens digit of 274535?
3
What is the thousands digit of 7984833?
4
What is the thousands digit of 19422142?
2
What is the thousands digit of 23441?
3
What is the ten thousands digit of 346931?
4
What is the hundreds digit of 15665395?
3
What is the hundreds digit of 123701?
7
What is the units digit of 212260?
0
What is the ten thousands digit of 2345158?
4
What is the ten thousands digit of 3812607?
1
What is the tens digit of 200641?
4
What is the hundreds digit of 41035?
0
What is the tens digit of 3957971?
7
What is the hundreds digit of 29414067?
0
What is the hundreds digit of 473640?
6
What is the ten thousands digit of 460350?
6
What is the thousands digit of 791169?
1
What is the thousands digit of 28285?
8
What is the hundreds digit of 7581018?
0
What is the tens digit of 357089?
8
What is the hundred thousands digit of 173990?
1
What is the thousands digit of 238262?
8
What is the hundreds digit of 1328645?
6
What is the ten millions digit of 10938395?
1
What is the hundred thousands digit of 973481?
9
What is the tens digit of 79779?
7
What is the hundreds digit of 3114446?
4
What is the thousands digit of 283392?
3
What is the thousands digit of 6465713?
5
What is the hundred thousands digit of 376066?
3
What is the thousands digit of 195748?
5
What is the units digit of 474650?
0
What is the hundreds digit of 5683400?
4
What is the tens digit of 2666976?
7
What is the thousands digit of 361930?
1
What is the units digit of 1388963?
3
What is the units digit of 268903?
3
What is the ten thousands digit of 13222371?
2
What is the tens digit of 67270?
7
What is the units digit of 2005823?
3
What is the hundred thousands digit of 3227432?
2
What is the units digit of 406202?
2
What is the thousands digit of 14594249?
4
What is the hundreds digit of 126909?
9
What is the thousands digit of 266875?
6
What is the units digit of 253351?
1
What is the thousands digit of 201438?
1
What is the tens digit of 17911910?
1
What is the units digit of 2347642?
2
What is the millions digit of 16279768?
6
What is the hundred thousands digit of 229075?
2
What is the hundreds digit of 7409601?
6
What is the tens digit of 245260?
6
What is the tens digit of 1775527?
2
What is the tens digit of 109624?
2
What is the thousands digit of 537522?
7
What is the hundreds digit of 13540247?
2
What is the hundred thousands digit of 837501?
8
What is the hundred thousands digit of 1431639?
4
What is the hundred thousands digit of 9484056?
4
What is the ten thousands digit of 359373?
5
What is the tens digit of 7013693?
9
What is the tens digit of 124551?
5
What is the thousands digit of 245046?
5
What is the hundreds digit of 14543761?
7
What is the tens digit of 413130?
3
What is the hundred thousands digit of 958418?
9
What is the hundred thousands digit of 3984442?
9
What is the millions digit of 4332655?
4
What is the ten thousands digit of 38424?
3
What is the units digit of 82809?
9
What is the ten thousands digit of 41182?
4
What is the ten thousands digit of 15699628?
9
What is the hundreds digit of 65402?
4
What is the thousands digit of 250479?
0
What is the tens digit of 1420394?
9
What is the thousands digit of 110040?
0
What is the thousands digit of 2392172?
2
What is the hundred thousands digit of 6818603?
8
What is the hundreds digit of 8031?
0
What is the hundreds digit of 720299?
2
What is the hundreds digit of 99668?
6
What is the hundred thousands digit of 173553?
1
What is the thousands digit of 10545?
0
What is the thousands digit of 8417103?
7
What is the hundred thousands digit of 753735?
7
What is the units digit of 2354764?
4
What is the millions digit of 2068927?
2
What is the ten millions digit of 28003067?
2
What is the tens digit of 118520?
2
What is the ten thousands digit of 786460?
8
What is the hundred thousands digit of 511186?
5
What is the tens digit of 7487045?
4
What is the units digit of 5689587?
7
What is the thousands digit of 15561593?
1
What is the hundreds digit of 63861?
8
What is the hundreds digit of 5074190?
1
What is the hundred thousands digit of 169974?
1
What is the hundreds digit of 28083?
0
What is the thousands digit of 6981006?
1
What is the thousands digit of 3576383?
6
What is the thousands digit of 321268?
1
What is the hundreds digit of 80211?
2
What is the thousands digit of 220835?
0
What is the tens digit of 878853?
5
What is the hundred thousands digit of 5373820?
3
What is the hundred thousands digit of 5499692?
4
What is the tens digit of 2840580?
8
What is the tens digit of 1361305?
0
What is the units digit of 747574?
4
What is the millions digit of 2424656?
2
What is the units digit of 462629?
9
What is the hundreds digit of 3714447?
4
What is the hundred thousands digit of 18040854?
0
What is the thousands digit of 109978?
9
What is the millions digit of 5642869?
5
What is the ten thousands digit of 218626?
1
What is the ten thousands digit of 292128?
9
What is the thousands digit of 75658?
5
What is the units digit of 1367766?
6
What is the ten thousands digit of 208020?
0
What is the hundred thousands digit of 206569?
2
What is the hundreds digit of 475120?
1
What is the tens digit of 2691795?
9
What is the millions digit of 4399360?
4
What is the tens digit of 35184?
8
What is the thousands digit of 239047?
9
What is the millions digit of 2075506?
2
What is the ten thousands digit of 4430467?
3
What is the units digit of 249575?
5
What is the units digit of 7101170?
0
What is the thousands digit of 29260021?
0
What is the millions digit of 4909142?
4
What is the thousands digit of 798051?
8
What is the units digit of 751046?
6
What is the tens digit of 28713221?
2
What is the tens digit of 477782?
8
What is the ten thousands digit of 16038?
1
What is the ten thousands digit of 3339804?
3
What is the units digit of 25292?
2
What is the tens digit of 691114?
1
What is the ten thousands digit of 1262775?
6
What is the hundred thousands digit of 5576879?
5
What is the thousands digit of 2045913?
5
What is the units digit of 45281?
1
What is the hundreds digit of 46459?
4
What is the units digit of 218923?
3
What is the tens digit of 28099969?
6
What is the tens digit of 231124?
2
What is the thousands digit of 834736?
4
What is the units digit of 841681?
1
What is the units digit of 873464?
4
What is the thousands digit of 1351591?
1
What is the ten thousands digit of 173284?
7
What is the thousands digit of 4869979?
9
What is the hundreds digit of 23212910?
9
What is the thousands digit of 331101?
1
What is the thousands digit of 67823?
7
What is the units digit of 2397816?
6
What is the units digit of 4244766?
6
What is the tens digit of 120636?
3
What is the thousands digit of 963228?
3
What is the ten millions digit of 10930893?
1
What is the tens digit of 1922299?
9
What is the hundreds digit of 4403707?
7
What is the thousands digit of 4989075?
9
What is the units digit of 7292754?
4
What is the thousands digit of 7317330?
7
What is the tens digit of 151261?
6
What is the units digit of 6165?
5
What is the tens digit of 452646?
4
What is the ten thousands digit of 805006?
0
What is the units digit of 181196?
6
What is the hundreds digit of 13091138?
1
What is the thousands digit of 1064558?
4
What is the tens digit of 1214645?
4
What is the ten thousands digit of 559603?
5
What is the hundred thousands digit of 17538280?
5
What is the ten thousands digit of 3110491?
1
What is the hundred thousands digit of 1991244?
9
What is the thousands digit of 1836492?
6
What is the tens digit of 35652?
5
What is the thousands digit of 753174?
3
What is the hundred thousands digit of 384282?
3
What is the ten thousands digit of 10887477?
8
What is the thousands digit of 34437496?
7
What is the ten thousands digit of 343272?
4
What is the hundreds digit of 463373?
3
What is the ten thousands digit of 948778?
4
What is the tens digit of 1546039?
3
What is the thousands digit of 147830?
7
What is the hundreds digit of 11691700?
7
What is the tens digit of 516452?
5
What is the ten thousands digit of 11367?
1
What is the tens digit of 1683803?
0
What is the units digit of 2897621?
1
Wh